b(m)?
-6
Let t(d) = -7*d**3 + 4*d**2 - 4*d - 1. Let j(h) = -6*h**3 + 3*h**2 - 3*h - 1. Let b = -32 + 14. Let u = -13 - b. Let i(m) = u*t(m) - 6*j(m). What is i(-3)?
-2
Let c be 30/(1 + 0) + -1. Let h be 6/27 - c/9. Let y(x) = -4*x**2 + 5*x**2 + 2*x + 2*x. What is y(h)?
-3
Suppose 9 = -5*d - 31. Let w(i) = i + 11. Let g be w(d). Let r(p) = -p**3 + 3*p**2 + 2*p. Calculate r(g).
6
Let t(r) = 2*r - 20. Let h = 555 - 555. Calculate t(h).
-20
Let g be 2/(-14) - (-9)/(315/110). Let r(d) = -3*d - d + 2*d + 3*d + g. What is r(-8)?
-5
Let b(v) = -v**2 - 6*v - 6. Let a be (-5)/(15/63) - 0. Let u = 16 + a. What is b(u)?
-1
Let c(s) = -7*s + 17*s**2 - 18*s**2 - 4 + 2*s**2. Let o be c(7). Let b(g) = 5*g + 3. Calculate b(o).
-17
Let o(c) = c**2 - 12*c + 11. Suppose -5 + 30 = -5*a, 0 = 2*q - 5*a - 41. Give o(q).
-21
Let q(g) = 64*g - 207*g + 72*g + 70*g - 5. Let m be 153/(-12) + (-2)/8. Give q(m).
8
Let y(n) = 15*n**3 - 15 + 5*n**2 - 5 + 2*n - n**2 - 5*n**2 + 19. What is y(1)?
15
Let x(b) = -b - 1. Let l(w) = -5*w - 7. Let f(r) = -l(r) + 6*x(r). Let d(j) = -5*j + 5. Suppose 0 = t + 24*t - 75. Let v(m) = t*f(m) - d(m). Determine v(-2).
-6
Let n(o) = 3*o**2 + o - 1. Let v(r) = 192*r + 24*r**2 - 387*r - r**3 + 25 + 194*r. Let c be v(24). Determine n(c).
3
Suppose -41*c + 29*c = 12. Let q(i) = 15*i**2 - 1. Give q(c).
14
Suppose 0 = -4*c - 2 + 10, 4*c = 2*a - 10. Let q(g) = -27 + 3*g + a + 17. What is q(2)?
5
Let z = 70 - 68. Let m(f) = 8*f**z + 0 + 0 + 5*f - 4 - 7*f**2. What is m(-5)?
-4
Let d(y) = 3*y + 0*y**3 + 635*y**2 + 0 - 6 - 630*y**2 + 5*y - y**3. Give d(6).
6
Let j(v) = -v**3 + 4*v**2 + 5*v + 1. Let c be j(5). Let z = -63 - -66. Let d = z + c. Let y(s) = -s**2 + s + 5. What is y(d)?
-7
Let h(k) = 9 + k - k - 2*k. Suppose 30 = 11*o - 47. What is h(o)?
-5
Let w be 4/168 + 5/35. Let c(q) be the second derivative of 5*q + 0 + 0*q**2 - 1/6*q**4 - 1/20*q**5 + w*q**3. Give c(-2).
-2
Let j(q) be the first derivative of q**4/12 + q**3/3 - 3*q**2/2 + 3*q - 6. Let m(g) be the first derivative of j(g). Let v be 6/21 + (-30)/7. What is m(v)?
5
Let i(y) be the second derivative of -y**4/12 + y**3 - 3*y**2 - y. Let o(c) = 2*c + 33. Let d be ((-28)/(-10))/(15/(-75)). Let u be o(d). Determine i(u).
-1
Let i(h) = h + 1. Let m be (9/(-7) - -1)/((-3)/21). Suppose -m*z + 0*f = -f - 6, -3 = -3*z + 3*f. Calculate i(z).
6
Let r be 5*(-4)/12*-9. Suppose -j = 2*s + 11 + 1, 5*s = -r. Let i(z) = z**2 + 2*z. Calculate i(j).
24
Let p(r) = -7*r - 2. Let y(w) = 21*w - 1. Let a be y(1). Suppose -2*d - a = 3*d. Let z be (-1 - -4) + -1 + d. Give p(z).
12
Let j = -46 + 48. Suppose l = 2*r - 14, r = -r - j*l + 14. Let x(a) = 2*a - 9. Determine x(r).
5
Let m = 100 - 91. Let k(o) = m + 2*o - 7 - o. Calculate k(-6).
-4
Let k(v) = -v**2 - 6*v - 9. Suppose 0 = -3*u - 2*z - 28, 12*u - 22 = 14*u + 2*z. Determine k(u).
-9
Suppose -3*l + 2*l - c - 1 = 0, -12 = -4*c. Let u(i) = i**2 + i - 1. Calculate u(l).
11
Suppose 31*i - 23*i = 16. Let y(s) = s**3 + 0*s**3 - 4*s - s**2 + 2*s + 0 - 1. Calculate y(i).
-1
Let t = -2051/6 - -343. Let f(o) be the third derivative of 0 - t*o**3 + 0*o - 1/24*o**4 - 2*o**2. Calculate f(-6).
-1
Let p(l) be the first derivative of -l**7/840 - l**5/120 - 7*l**4/24 - 11*l**3/3 + 4. Let q(o) be the third derivative of p(o). Calculate q(0).
-7
Let j(g) be the third derivative of g**8/20160 - g**7/1260 + g**6/240 - g**5/60 + 16*g**2. Let l(r) be the third derivative of j(r). Calculate l(5).
8
Suppose -2*w - 12 = -4*p + 3*p, -2*p - 1 = w. Let m(j) = -12*j + 692. Let h(l) = -8*l + 495. Let d(u) = -7*h(u) + 5*m(u). Calculate d(w).
15
Let a(j) = 3*j - 4. Let x be 24/16*(1 + -3). Determine a(x).
-13
Let d(m) be the third derivative of -m**4/6 + m**3/3 + m**2. Let s be 3 - 8 - 13/(-1). Suppose -s = 4*n - 0. What is d(n)?
10
Let z(q) = 3*q - 2 - 2*q**2 + 7*q**3 - 8*q**3 + 0*q**2. Suppose -3 = -3*t + 4*c, 2*c + 1 = -5. Calculate z(t).
-2
Let n = 88 - 144. Let l = n - -92. Let c be 2 + (l/(-4) - -3). Let b(p) = -p**3 - 6*p**2 - 7*p - 4. What is b(c)?
-8
Let n(k) be the second derivative of 1/3*k**3 + k + 0*k**2 + 0 + 1/6*k**4. Suppose 0 = 5*p - j - 9, 20*j - 1 = 2*p + 15*j. Give n(p).
12
Let w(x) = 15*x + 3*x - 12 - 7 + 11 + 12. Determine w(-3).
-50
Let q(b) = 7*b**2 + 32*b - 8. Let c be q(-5). Let v(m) be the second derivative of -c*m - 1/6*m**3 + 0 + 5/2*m**2 - 1/12*m**4. Give v(-5).
-15
Let k(q) = -q**3 - 4*q**2 - 4*q - 11. Suppose -3*n = -b + 12, -10*n + 5*n = 25. Let y be k(b). Let p(h) = h**3 + 9*h**2 + 8*h - 6. What is p(y)?
-6
Let c(n) = 7*n - 19 + 10 + 10 + 7. Calculate c(-2).
-6
Let o(c) be the second derivative of 0 - 1/6*c**3 + 2*c**2 - 24*c. Give o(5).
-1
Let n(t) = t**2 - 5*t + 10. Let i(f) = 5*f**2 - 6*f - 6. Let m be i(-1). Determine n(m).
10
Suppose -8*a = 5*z - 7*a - 27, 5*z - 36 = 2*a. Let x(p) = -p**3 + 7*p**2 - 2*p + 8. Calculate x(z).
32
Let g(p) = p + 1. Let h(q) = -4*q - 4. Let b(l) = 5*g(l) + h(l). Let f(m) = 104*m + 1663. Let n be f(-16). Give b(n).
0
Let a(o) = 2*o**2 + 4*o. Suppose 0 = 5*d + 5, 5 = -l - 5*d + 2*d. Let h = l + -1. What is a(h)?
6
Suppose -3*u - 68 = -4*v, -4*v - 4*u = -2*v - 34. Suppose v - 3 = 2*b - 2*w, 3*b - 5*w = 29. Let j(h) = -h**2 + 5*h - 2. Determine j(b).
4
Let n(r) = r**3 - 11*r**2 + 28*r - 8. Let p be n(7). Let v(j) = -j**3 - 8*j**2 + 2*j + 5. What is v(p)?
-11
Suppose 3*d = -p + 15, -2*p - 3*d = -4*d - 16. Let t(o) = -9 - 2*o + p*o - 9*o. Calculate t(-6).
3
Let a(y) be the third derivative of -y**5/60 + y**4/24 - y**3/3 + 11*y**2. Let v be (-67)/(-23) - (-4)/46. Give a(v).
-8
Let c be ((-90)/25)/((64/20)/(-8)). Let w(k) = k**3 - 8*k**2 - 9*k + 6. Give w(c).
6
Let c(b) = 3*b - 6. Suppose 4*p - 15 - 10 = 3*f, -3 = f. Suppose -3*l + p*t = 2*l - 37, -4*t - 22 = -2*l. Determine c(l).
9
Let q = -23 - -21. Let n(h) = -6*h**3 + 20*h**2 + 21. Let m(u) = u**3 - 4*u**2 - 4. Let v(i) = q*n(i) - 11*m(i). Calculate v(-4).
2
Let j(z) = -3*z**3 - 2*z**2 + 5*z + 2. Let v = -381 + 378. What is j(v)?
50
Let n(l) = l**2 - 35*l + 247. Let u be n(10). Let z(m) = 7*m + 24. Calculate z(u).
3
Let s(g) = -1 - 1 - g + 3. Suppose -5*h = -10 - 5. Suppose -h*v + v = 10. Calculate s(v).
6
Suppose 3*r + 2*m + 37 = 0, 5*r - 4*r - 3*m - 6 = 0. Let p(x) = x + 3. Let u be p(r). Let t(w) = -w - 8. Give t(u).
-2
Let q be 88/(-396) + 47/9. Let n(j) = 2*j**2 - 11*j + 5. What is n(q)?
0
Let c(i) = -4*i**3 - 10*i**2 + 3*i + 4. Let v be c(-2). Let l(y) = y + 10. Give l(v).
0
Let y(b) = b**2 - 4*b + 1. Let p be (3 + -4)/(2/(-22)). Suppose p = 2*q + 3. Determine y(q).
1
Let s be 13 - -25 - (2 - -2). Let d = s + -28. Let j(w) = -w**2 + 8*w + 5. Give j(d).
17
Let m(y) = y**2 + 17*y - 16. Let p be m(-18). Let a(n) be the second derivative of 1/6*n**3 + 2*n - 1/12*n**4 + 0 + n**p. Give a(0).
2
Let d(s) = -2*s + 2. Suppose -a + 5 = -2*a. Let k = 1 - a. Suppose t = -t + k. Give d(t).
-4
Let c(t) = -2*t - 17. Let z be ((-738)/(-615))/(2/(-10)). Calculate c(z).
-5
Let j(y) = y**2 - 4*y - 1. Let b(k) = -k**3 + 8*k**2 + 2. Let u be b(8). Give j(u).
-5
Let j(l) = l**2 + 6*l - 3. Let g be (2 + 8)/((-4)/(-2)). Let r(h) = -3*h**2 - 11*h + 6. Let y(t) = g*j(t) + 2*r(t). Give y(5).
12
Let k(c) be the second derivative of -c**4/12 + c**3/3 - c**2/2 - 2*c. Let a(m) = 4*m**2 + 15*m. Let x be a(-4). Give k(x).
-9
Let c(p) = p. Let j(v) = -8*v + 2. Let n(o) = -2*c(o) - j(o). Suppose 160 - 66 = -32*u + 30. Calculate n(u).
-14
Let s = -480 + 19201/40. Let o(k) be the third derivative of 0*k**3 + 0*k**4 + 0*k + s*k**6 + 3*k**2 + 0 - 1/60*k**5. Determine o(1).
2
Let d(x) = -x**3 + 4*x**2 + 3*x + 12. Let o be d(5). Let t(h) = -10 + 2*h + 11 + o*h. Give t(2).
9
Let v(r) = -4*r**2 + 3*r. Let z(j) = -j**2 - 10*j + 4. Let m be z(-10). Suppose -3*x - 2 = -4*n - x, 5*n - m*x + 2 = 0. What is v(n)?
-10
Let d(z) = -z**2 - 6*z + 1. Let t be (-1 - 1)/((-82)/(-205)). Give d(t).
6
Let r(m) = -7*m**3 + 14*m**2 - 23*m + 4. Let b be 9 + -9 - (1 + 7) - -3. Let c(t) = -11*t**3 + 21*t**2 - 35*t + 6. Let u(w) = b*c(w) + 8*r(w). What is u(6)?
-16
Let z(n) be the second derivative of n**3/6 + n**2/2 + 12*n. Let r = -6 + 12. Let o(t) = -10*t - 9. Let l(y) = r*z(y) + o(y). Give l(-2).
5
Let d be (-3 - 7)/(-2) - 0. Let b(f) be the second derivative of f**3/3 - 3*f**2 + 185*f. What is b(d)?
4
Let s(b) = -b. Suppose -u + 8